
Suppose -g + c - 20 = -8, 6 = -g - c. What is the units digit of 6/g - (-2690)/30?
9
Let a(i) = i**2 + 8*i - 7. Let z be a(-9). Suppose 3*o - z*o - 4*r = -18, -3*r + 9 = -3*o. Suppose 6*b = o*b + 96. What is the tens digit of b?
2
Let w(n) = 19*n**2 - 20*n + 1. What is the units digit of w(7)?
2
Suppose 5*k - 41 = 4*g, 3*k - 2*g = -0*k + 25. What is the units digit of (-12)/k*-213 + -1?
3
Suppose -4*h + 71*c - 69*c = -17944, -h + 4486 = -2*c. What is the tens digit of h?
8
Let m = 1942 + -619. What is the units digit of m?
3
Let k = -12 - -2. Let y(q) be the first derivative of -7*q**2/2 - 3*q + 285. What is the tens digit of y(k)?
6
Let o(u) = -345 - u + 8*u + 351 + u + 49*u**2. What is the units digit of o(-2)?
6
Suppose 12 = 2*n + 8. Let s = 44 - n. What is the units digit of s?
2
Let h(n) be the third derivative of n**5/60 + 5*n**4/24 + n**3 + 6*n**2. Let o be h(-4). Suppose 0 = 5*l - 3 - o. What is the units digit of l?
1
Let h = -3069 + 4556. What is the tens digit of h?
8
Suppose -21 = -q + w, 2*q + 2*w = -2*w + 18. What is the tens digit of q?
1
Let i(c) = 2*c**3 - 7*c**2 - 21*c + 16. Let x be i(13). What is the units digit of x/21 - ((-2)/(-3) + -1)?
1
Let o = 6 - -5. Suppose 0 = f + 3*b + 10, -5 = 2*b - b. Suppose -t = 2*w - 47, 14 + o = -f*t. What is the tens digit of w?
2
Let w = 9 - 6. Suppose -3 - 6 = -w*i. Suppose i = 2*f - 3. What is the units digit of f?
3
Let d(w) = w**2 + 6*w - 7. Let j be d(-5). Let u = j + 18. Suppose 2*r - r = u. What is the units digit of r?
6
Let d(t) be the third derivative of t**4/4 - t**3/6 + 3*t**2. Let w be d(1). Suppose w*f = -0*f + 135. What is the units digit of f?
7
Suppose 47 = 3*l + 5*u - 510, -5*l = -3*u - 951. Let s = -93 + l. What is the units digit of s?
6
Suppose -l + 9 = -0*l. Let g = l + -16. What is the tens digit of ((-22)/(-8))/(g/(-56))?
2
What is the tens digit of (-3630)/(-9) - 2/(-3)?
0
Let q = -420 + 610. Suppose -2*o + 7*o = q. What is the units digit of o?
8
Let a(s) = 4*s + 14. Let i be a(11). Suppose -t = -5*y + 265, y + 21 = -3*t + i. What is the units digit of y?
2
Let t be -1 - -38 - (-14 + 15). Suppose -4*m - t = -u, 0 + 2 = m. What is the units digit of u?
4
Let d = 8639 + -4036. What is the tens digit of d?
0
Suppose -5*q = -m - 587, 3*q - 62 - 285 = -2*m. Suppose 0 = 38*t - 35*t - q. What is the tens digit of t?
3
Let l = -11 - 13. Suppose -2*x = 3*b + 41, 3*b = x - 77 + 21. Let c = b - l. What is the units digit of c?
7
Suppose 2*u + 2*b = 30, 66 = 5*u + 5*b - 3*b. Let c be 4/6 + (-2)/(-6). Suppose 0 = s - c - u. What is the units digit of s?
3
Let n be 12/2 - (1 - -2). Suppose 0 = -5*u - 10, -5*y = -n*u - u - 23. Suppose -y = -3*f + 51. What is the units digit of f?
8
Suppose -4*c - 4*d + 4 = -20, 0 = 4*c + d - 15. Suppose -13 = -5*j - c. Suppose u - 12 = s, 0 = s + 4 - j. What is the units digit of u?
0
Suppose -4*q - 9 = 7. Let k = -1 - q. Suppose 3*m = -k*r + 48, r + 4 = -5*m + 72. What is the tens digit of m?
1
Let n(f) = f - 4. Let y be n(4). Let j(k) = k**2 + 5*k - 24. Let v be j(-8). Suppose w + y - 15 = v. What is the units digit of w?
5
Suppose 0 = -25*i - 2243 + 11343. What is the hundreds digit of i?
3
Let v be 13/(-3) + (-5)/(-15). Let r(i) = 14*i**2 + 3*i + 4. Let y be r(v). Suppose y = 5*l - 2*z, z - 18 - 21 = -l. What is the units digit of l?
2
Let s(q) be the first derivative of -17*q + 7 + 1/3*q**3 - 19/2*q**2. What is the units digit of s(20)?
3
Let g(y) = y**3 + 28*y**2 + 30*y + 6. What is the thousands digit of g(-25)?
1
Suppose 5*s - 80 = 45. Suppose 6*z + 3781 = s*z. What is the tens digit of z?
9
Let i(c) = -9*c + 16. Let m be i(2). What is the units digit of (-11 - -68) + m*1?
5
Let d(w) be the first derivative of 1/4*w**4 - 2*w + 8 - 2*w**3 - w**2. What is the tens digit of d(7)?
3
Suppose -4*y + 607 - 79 = 0. What is the hundreds digit of y?
1
Let t = 89 + -81. What is the hundreds digit of ((-122)/t - 4)/((-1)/12)?
2
Suppose -4*p = -2*b + 844, b = 2*b + 2*p - 426. What is the tens digit of b?
2
Let z = 129 + -51. What is the units digit of z/36 - 1/6?
2
Suppose -4200 = 19*o - 16892. What is the hundreds digit of o?
6
Suppose n = -4*p + 115, n - 2*n = 5*p - 143. Suppose 2 = -w + p. What is the tens digit of w?
2
What is the hundreds digit of (-3690)/(-4) - -8*(-45)/(-240)?
9
Suppose -14*i + 9*i + 3005 = m, 2390 = 4*i - 2*m. What is the units digit of i?
0
Let l(j) = j**3 + 20*j**2 - 32*j + 16. What is the units digit of l(-17)?
7
Suppose -2*c = -a + 3*a - 726, 2*c = 4*a + 738. What is the tens digit of c?
6
Suppose 3*p + g - 1599 = -3*g, 4*g = -5*p + 2673. What is the tens digit of p?
3
Let j(f) = f - 6*f - 8*f**2 - 7*f**2 + 5 + 1 + f**3. Let d be j(16). Suppose 4*w = -w - 2*m + d, 4*w - 5*m = 172. What is the units digit of w?
8
Suppose -15 = -4*a - 8*q + 11*q, -2*q = 2. What is the tens digit of ((-2)/((-8)/3))/(a/60)?
1
Suppose 148 = -2*n + 4*q, -2*q = -4*n - 0*q - 308. Suppose 168 = -4*w - 52. Let f = w - n. What is the tens digit of f?
2
Suppose -2*p + p + 51 = 5*n, 4*n - 5*p - 35 = 0. Let y be 22/n + 14/(-70). Suppose 0 = 2*q - 4, -3*x + y*x = q - 36. What is the units digit of x?
4
Let m = -8 + 9. Let f(w) = 1 + 2*w - 4 + 14*w**3 + 14*w**3 + 2. What is the tens digit of f(m)?
2
Let o be 690/(-9)*(-9)/6. Suppose 13*a = 8*a + o. Suppose -d + 70 - a = p, p = 3*d + 47. What is the units digit of p?
7
Let r = -3374 - -6313. What is the hundreds digit of r?
9
Let p be (5 + -4 - 1)/2 - -3631. Suppose -17*k + p = 656. What is the tens digit of k?
7
Suppose l + 22 = 4*y, -5*l - 13 = -3*y - 6*l. Suppose -y*w + 117 = 342. Let n = 68 + w. What is the tens digit of n?
2
Let k(q) be the first derivative of q**6/120 + q**5/40 + q**4/8 - q**3 + 4. Let v(u) be the third derivative of k(u). What is the units digit of v(3)?
9
Suppose 0 = 5*o - 5*z - 7590, 2*z + 0*z = o - 1515. What is the units digit of o?
1
Let x(d) = 0 + 11*d + 1 + 6 + 0. What is the tens digit of x(3)?
4
Suppose 159 = -7*v - 401. What is the units digit of (4 - (v - -2)) + -4?
8
What is the tens digit of ((-2010)/90)/(2/(-6))?
6
Let r = -11928 + 16936. What is the units digit of r?
8
What is the hundreds digit of ((-274)/(-8))/(94/(-32) + 3)?
5
Suppose 0 = -5*m + 3*i - 10, -4*m + i - 8 = -3*i. Let v = m + 5. Suppose v*a + 2*a = -k + 87, 2*a = -4*k + 24. What is the tens digit of a?
1
Let c = -37 - -43. Suppose -3*q = -36 - c. What is the tens digit of (8/(-2))/(q/(-133))?
3
Let m(d) be the third derivative of -d**5/60 - 11*d**4/24 + 5*d**3/3 - 7*d**2. Let z be m(-10). What is the tens digit of 2/(-2 - 0) + z?
1
Suppose 3*v + 6*k - 4*k - 5587 = 0, 0 = -2*v + 3*k + 3716. What is the units digit of v?
1
Let b = -12 - -16. Suppose -2*z + 285 = 3*m + 2*m, -4*z = -b*m + 256. What is the units digit of m?
9
Let v(j) = 63*j**3 - 5*j**2 - 5*j + 1. Let w(r) = -r**3 - r**2 - r. Let c(a) = v(a) - 4*w(a). What is the tens digit of c(1)?
6
Suppose -4*x + 21 = 3*s - 1, -x = -2*s. Suppose 5*v - x*v = 0. Suppose v = 3*y - 1 - 35. What is the units digit of y?
2
Suppose -4*j + 5*p + 1401 = 0, 0 = 5*p - 9*p - 20. What is the tens digit of j?
4
Suppose -1 = 6*q - 13. Suppose -q*w + 4*b + 56 = 0, 2*b = 4*w + 3*b - 85. What is the tens digit of w?
2
Suppose 4*l = -z + 1369 + 480, 4*z + 5*l = 7374. What is the tens digit of z?
4
Suppose -5*p - 4 = -29. Suppose -v + 4 = -16. Suppose v = -p*j, -3*w = w - j - 40. What is the units digit of w?
9
Suppose -83410 = 14*i - 33*i. What is the hundreds digit of i?
3
Suppose -4*n - 22 = -2*v, -2 = 3*v - 5*n - 31. Suppose 2*x + 2*w + 1 = v*w, -2 = 5*x - 3*w. What is the tens digit of (x - 1/(-2))*-22?
1
Suppose -4*d - 4*p + 216 = 0, -4*d - 5*p = -2*d - 117. Suppose -2*m + d = m. What is the units digit of m?
7
Let u(s) = 53*s**2 + 389*s + 5. What is the tens digit of u(-14)?
4
Let a = -921 - -2943. What is the units digit of a?
2
Suppose 3*y = 11*x - 9*x + 1169, -1959 = -5*y - 2*x. What is the units digit of y?
1
Let f(l) = 1645*l**2 - 24*l - 23. What is the units digit of f(-1)?
6
Let w(f) = -f**2 + 12*f + 27. What is the tens digit of w(11)?
3
Suppose 0 = x - 5*n - 21, n + n = 2*x - 10. What is the hundreds digit of x + (-910)/(-5) + -1?
1
Let r be (-34)/(-8) + (-75)/(-20) + -4. Suppose -5*v + 3 + 524 = 2*h, -r*h + 2*v = -1066. What is the tens digit of h?
6
